{"id":1242,"date":"2025-05-06T21:02:40","date_gmt":"2025-05-06T21:02:40","guid":{"rendered":"https:\/\/promoalternative.com\/prueba\/?post_type=product&#038;p=1242"},"modified":"2025-10-07T03:12:16","modified_gmt":"2025-10-07T03:12:16","slug":"llaveros-metalicos","status":"publish","type":"product","link":"https:\/\/promoalternative.com\/index.php\/producto\/llaveros-metalicos\/","title":{"rendered":"Llaveros"},"content":{"rendered":"<p class=\"\" data-start=\"196\" data-end=\"422\"><span style=\"color: #339966;\">Nuestros llaveros met\u00e1licos combinan un dise\u00f1o moderno y resistente con la posibilidad de personalizarlos con tu <strong data-start=\"309\" data-end=\"334\">logo, nombre o dise\u00f1o<\/strong>. Son ideales como art\u00edculos promocionales, regalos corporativos o recuerdos especiales.<\/span><\/p>\n<p class=\"\" data-start=\"424\" data-end=\"693\"><span style=\"color: #339966;\">\u2714\ufe0f Fabricados en metal de alta calidad<\/span><br data-start=\"462\" data-end=\"465\" \/><span style=\"color: #339966;\">\u2714\ufe0f Variedad de formas y estilos (rectangulares, circulares, con detalles de piel, etc.)<\/span><br data-start=\"552\" data-end=\"555\" \/><span style=\"color: #339966;\">\u2714\ufe0f Personalizaci\u00f3n con grabado l\u00e1ser, serigraf\u00eda o sublimaci\u00f3n<\/span><br data-start=\"617\" data-end=\"620\" \/><span style=\"color: #339966;\">\u2714\ufe0f Resistentes al uso diario<\/span><\/p>\n","protected":false},"excerpt":{"rendered":"<p>Nuestros llaveros met\u00e1licos combinan un dise\u00f1o moderno y resistente con la posibilidad de personalizarlos con tu logo, nombre o dise\u00f1o. Son ideales como art\u00edculos promocionales, regalos corporativos o recuerdos especiales. \u2714\ufe0f Fabricados en metal de alta calidad\u2714\ufe0f Variedad de formas y estilos (rectangulares, circulares, con detalles de piel, etc.)\u2714\ufe0f Personalizaci\u00f3n con grabado l\u00e1ser, serigraf\u00eda o&hellip;&nbsp;<a href=\"https:\/\/promoalternative.com\/index.php\/producto\/llaveros-metalicos\/\" rel=\"bookmark\"><span class=\"screen-reader-text\">Llaveros<\/span><\/a><\/p>\n","protected":false},"featured_media":1769,"comment_status":"closed","ping_status":"closed","template":"","meta":{"neve_meta_sidebar":"","neve_meta_container":"","neve_meta_enable_content_width":"off","neve_meta_content_width":100,"neve_meta_title_alignment":"","neve_meta_author_avatar":"","neve_post_elements_order":"","neve_meta_disable_header":"","neve_meta_disable_footer":"","neve_meta_disable_title":"","_themeisle_gutenberg_block_has_review":false},"product_brand":[],"product_cat":[67],"product_tag":[],"class_list":{"0":"post-1242","1":"product","2":"type-product","3":"status-publish","4":"has-post-thumbnail","6":"product_cat-llaveros","8":"first","9":"instock","10":"shipping-taxable","11":"product-type-simple"},"_links":{"self":[{"href":"https:\/\/promoalternative.com\/index.php\/wp-json\/wp\/v2\/product\/1242","targetHints":{"allow":["GET"]}}],"collection":[{"href":"https:\/\/promoalternative.com\/index.php\/wp-json\/wp\/v2\/product"}],"about":[{"href":"https:\/\/promoalternative.com\/index.php\/wp-json\/wp\/v2\/types\/product"}],"replies":[{"embeddable":true,"href":"https:\/\/promoalternative.com\/index.php\/wp-json\/wp\/v2\/comments?post=1242"}],"wp:featuredmedia":[{"embeddable":true,"href":"https:\/\/promoalternative.com\/index.php\/wp-json\/wp\/v2\/media\/1769"}],"wp:attachment":[{"href":"https:\/\/promoalternative.com\/index.php\/wp-json\/wp\/v2\/media?parent=1242"}],"wp:term":[{"taxonomy":"product_brand","embeddable":true,"href":"https:\/\/promoalternative.com\/index.php\/wp-json\/wp\/v2\/product_brand?post=1242"},{"taxonomy":"product_cat","embeddable":true,"href":"https:\/\/promoalternative.com\/index.php\/wp-json\/wp\/v2\/product_cat?post=1242"},{"taxonomy":"product_tag","embeddable":true,"href":"https:\/\/promoalternative.com\/index.php\/wp-json\/wp\/v2\/product_tag?post=1242"}],"curies":[{"name":"wp","href":"https:\/\/api.w.org\/{rel}","templated":true}]}}